 z + 1. Let f(r) = g(r) - 6*s(r). What is f(k)?
-13
Let d(j) = -39 + 0*j - j**3 + 5*j**2 + j + 2*j**3 + 38. Give d(-5).
-6
Suppose 0 = -216*w + 220*w - 4. Let m(d) = -2*d**2. What is m(w)?
-2
Suppose -3*p + 3 = -3. Suppose -2*q = 2*v, -p*q = v - 1 + 6. Suppose -2*d + r - v = -0*d, -4*d - 8 = -4*r. Let l(c) = -c**3 - 4*c**2 - 2*c - 2. Calculate l(d).
-5
Let t(f) = -10*f**2 - 5*f + 25. Let r(c) = 3*c**2 + 2*c - 8. Let b be (18/4 - 1)*8. Let a be 2/(2 - 48/b). Let o(l) = a*r(l) + 2*t(l). What is o(-5)?
-1
Let j be 40/12*-3*(-12)/10. Let g(i) = -i**3 + 11*i**2 + 15*i - 35. What is g(j)?
1
Let v(t) be the first derivative of t**3/3 + t**2/2 + 4*t + 816. Give v(0).
4
Let u(i) = i - 5. Let x(g) be the second derivative of -g**4/12 + g**3/6 - 9*g. Let l be x(3). Let v = 1 - l. Give u(v).
2
Let m(c) = -c**2 + 11*c - 3. Suppose 10*k + 18 - 88 = 0. Determine m(k).
25
Let t(v) = -v. Let w(d) = -5*d + 15. Let r(c) = 6*t(c) - w(c). Let p(n) = -4*n**2 + 6*n + 8. Let j be p(3). Give r(j).
-5
Suppose -3*k - 7 = -19. Suppose -3*y - 4*s + k = 0, 5*s - 5 = -0*y + y. Let x(z) = z**3 - z**2 + z + 4. Calculate x(y).
4
Let c(t) = -9*t**3 - t**2 + t + 1. Let v be 10/8 + 4/16*-9. Give c(v).
8
Let f = 40 + -35. Let u(k) = -f*k**3 + 7*k + k**2 + 4*k**3 + 1 - 4 - 7*k**2. Calculate u(-7).
-3
Let z(g) = g**3 + 5*g**2 + 4*g + 3. Suppose 5*s = -2*s - 21. Give z(s).
9
Let w(u) = u. Let f(t) = -2*t. Let c(i) = 3*f(i) + 8*w(i). Let d(p) = -2*p**2 + 16*p - 11. Let g be d(7). Give c(g).
6
Let m(t) = -t - 4. Suppose -g = 2*g + 15, 37 = 2*b - 5*g. Suppose 4 = -2*w - b. Determine m(w).
1
Let x(g) = -g**2 + 27*g - 43. Let o be x(25). Let u = -2 + 7. Let c(f) = -5*f + 4 - f**2 + 12*f + 5 - u. Give c(o).
4
Let i(l) = 8*l - 7*l - l - 2*l + 27. Give i(14).
-1
Let v(s) = -3*s**3 - 2*s**2 + 3*s - 1. Suppose 0 = -o - 4*x + 22, x = 6*o - 5*o + 3. Determine v(o).
-27
Let k = 26 - 21. Suppose -5*s = -k - 5. Let a(j) = -j**3 + 2*j**2 + 2*j. Let u(g) = -g**3 + 2*g**2 + 2*g - 1. Let w(p) = 2*a(p) - 3*u(p). What is w(s)?
-1
Suppose -g - d = 8, 5*d - 6 - 8 = 4*g. Let a be ((-10)/55)/(g/66). Let y(o) = o - 4. Calculate y(a).
-2
Let d(a) = a**2 - 14*a + 15. Let j = 316 + -303. Give d(j).
2
Let c(w) = -w**2 - w + 1. Suppose 7*b - 4*b = 6. Suppose -q = 4 - b. What is c(q)?
-1
Let g(b) be the third derivative of b**4/24 + 10*b**3/3 + 6*b**2 + 4. Let y(s) = 1. Let o(c) = -g(c) + 2*y(c). Calculate o(-10).
-8
Let k(p) = p + 22. Let u(f) = -2*f - 42. Let z(s) = -11*k(s) - 6*u(s). What is z(-15)?
-5
Let x(w) be the third derivative of -1/60*w**5 + 1/12*w**4 + 0 + 0*w + 21*w**2 + 0*w**3. Let l(j) = 2*j - 6. Let h be l(4). Determine x(h).
0
Let a(d) = -d**3 - 7*d**2 - 5*d + 8. Let s be a(-6). Let c(i) = -3*i**3 - 1 + 2*i**3 - i + s*i + 2*i**2. Suppose b = 3 - 0. Give c(b).
-7
Let a(j) = -5*j - 21. Let q(u) = 3*u + 8. Let h(k) = -3*a(k) - 7*q(k). What is h(4)?
-17
Suppose 8 + 1 = 3*m. Let q(s) = s + 2. Let r be q(-2). Suppose -m = -r*b + 3*b. Let o(w) = -6*w. What is o(b)?
6
Let x(s) = s**2 - 5*s - 5. Suppose 8*r = 6*r + 40. Let p = r - 19. Let y = p + 6. Determine x(y).
9
Let o(q) = -3*q + 6 + 3 + 2 + 4*q. Let s be o(-4). Let f(c) = -c**3 + 8*c**2 - 5*c - 9. Determine f(s).
5
Let o(h) = -10*h. Let x(w) be the third derivative of -w**4/8 + 2*w**2. Let b(v) = 2*o(v) - 7*x(v). Let p = -140 - -140. Determine b(p).
0
Suppose -2*y + 34 = 6*m - 2*m, -5*y - m = -103. Suppose -4*z = 3*z + y. Let b(d) = d**3 + 3*d**2 - d - 4. Give b(z).
-1
Let d(o) = o - 4. Suppose 2*q + 2 = -4*n + 4, -2*n - 5 = 3*q. Let r = 63 - 42. Suppose 2*m - n*z = 14, 8 = m + 4*z + r. Give d(m).
-1
Let o(t) = 30*t - 1. Suppose 3044*k + 3 = 3047*k. Calculate o(k).
29
Let t be ((-292)/6)/((-6)/9). Let h(k) = -81*k + k**2 + t*k + 3 + 3 - 1. What is h(6)?
-7
Let s = 839 + -831. Let n(v) = -v**3 + 7*v**2 + 6*v + 3. Calculate n(s).
-13
Let g(o) = 2*o + 5 - 3*o**2 - 1 + 4*o**2. Suppose 8 = -z + 3*j, j - 5*j + 6 = z. Let p be 1 + (16/z - -4). Give g(p).
7
Let g(y) = -y - 2. Suppose 2*w - 4*w = -42. Suppose 0*x - 3*f + w = 3*x, 4*f + 8 = 2*x. What is g(x)?
-8
Let c be (-9 - -3)/(-3) - 23/((-23)/(-6)). Let z(y) = -y**2 - 8*y + 4. Let k(r) = -2*r**2 - 17*r + 9. Let l(g) = -4*k(g) + 9*z(g). Calculate l(c).
0
Let t be (-7)/(((-15)/(-10))/3). Let v(d) = d**3 + 16*d**2 + 26*d - 22. Give v(t).
6
Let v(x) = x**2 + 9*x - 39. Let y be v(-12). Let o(i) = -i + 2. What is o(y)?
5
Let a(z) be the first derivative of z**3/3 + 6*z**2 + 25*z + 162. What is a(-10)?
5
Let g(b) be the first derivative of b**6/120 + b**5/15 - b**4/12 + b**3/2 - 19*b**2/2 + 15. Let r(x) be the second derivative of g(x). Calculate r(-4).
11
Let o(h) = h + 2. Let m(x) = x + 19. Let f be m(-20). Determine o(f).
1
Let k(r) = -4853*r**2 + 4844*r**2 + 3 + 8*r + 3*r - r**3. Calculate k(-10).
-7
Let j(l) = l**2 - 1 - 5 - l + 0*l. Let x be 4*(-126)/56 - -9. Calculate j(x).
-6
Let c(y) = -y**3 + y**2 - 3*y + 3. Suppose -z = -3*q - 0*q - 2, 10 = 5*z - 4*q. Determine c(z).
-7
Let q = 22 + -12. Suppose -4*x + q = x. Let k(u) = -2*u - 3*u**2 + 3*u - 7*u - 6 + 4*u**x. Give k(6).
-6
Let y(a) = -5*a**2 - 11*a + 9. Let f(t) = -4*t**2 - 10*t + 10. Let m(v) = 4*f(v) - 3*y(v). Suppose 4*z + 32 = u, 13 + 7 = -4*z + 4*u. Determine m(z).
-5
Let x(m) be the second derivative of -m**5/20 + 5*m**4/6 + 13*m**3/6 - 8*m**2 + 261*m. Determine x(11).
6
Let j(u) = 5*u + 5. Let m = -1013 - -1009. Calculate j(m).
-15
Suppose 3*a + c + c - 10 = 0, 0 = -2*a + 2*c + 20. Let b(d) = -3*d + 7. Let s(h) = -16*h + 36. Let r(p) = 11*b(p) - 2*s(p). Give r(a).
-1
Let u(j) = -j - 1. Suppose 0 = 4*v + 7 + 17. Let z(h) = 7*h + 5. Let n(c) = v*u(c) - z(c). Let s be -1 + 3 + 2 + -1. Determine n(s).
-2
Suppose 2*f - 14 - 30 = 0. Let h be (2 + -3)*-3 + f. Suppose h = -4*t - t. Let b(d) = d**2 + 7*d + 3. Determine b(t).
-7
Let g(o) = 12 + 19 + o + 22 - 65 + 18. Suppose -5*p - 2 = -3*c + 43, -28 = 3*p - 2*c. Determine g(p).
0
Suppose 0*u - u + 3 = 0. Let g(j) = -3*j + 7. Let s be g(u). Let a(p) = 3*p + 2. Calculate a(s).
-4
Let r(l) = l - 10. Let t = 472 - 465. Calculate r(t).
-3
Let r(w) = -4*w**2 + 5*w - 3. Let h(m) = 3*m**2 - 6*m + 4. Let b(y) = -3*h(y) - 2*r(y). Determine b(5).
9
Let a(l) = 3*l**3 - 7*l**2 - 19*l - 7. Let c(m) = 8*m**3 - 22*m**2 - 55*m - 21. Let g(r) = -11*a(r) + 4*c(r). What is g(-10)?
3
Let s(x) = -2 - 41*x + 16 - 8 - 8. Determine s(-1).
39
Let p(c) = -17*c - 86. Let n be p(-5). Let k(u) = 8*u**2. Determine k(n).
8
Suppose -3*x - 3*a = -2*x + 8, -a = x. Let w be (-35)/(-14)*x/2. Let m(s) = 6*s - 3*s + w*s + 1 - 2*s. Determine m(-2).
-11
Let a(m) = -m**2 - 2*m - 2. Let s be a(-2). Let r = 135 - 111. Let i(c) = 2 + r - 5*c - 29. Calculate i(s).
7
Let p(b) = -4*b. Let i be (-10)/(-8)*(-24)/6. Calculate p(i).
20
Suppose 3*o - 212 = -131. Let w(b) = 0*b + 9*b**3 - 5*b - o*b**3 + 4*b - 1. What is w(-1)?
18
Let v(j) = j**3 - j**2 - 11*j + 6. Let a(w) = -w**3 + 6*w**2 - 8*w + 4. Let n be a(4). Let z be v(n). Let f(o) = -2*o + 15. Give f(z).
-5
Let l(t) = 2*t**2 + 15*t - 4. Suppose 2*i + 8 = -0*i. Let d(v) = v**2 + 8*v - 2. Let s(x) = i*l(x) + 7*d(x). What is s(-6)?
-10
Let a be 2/9 + 34/9. Suppose 3 = -c + 2*h, 5*h - h = a*c + 16. Let k(t) = t**2 + 1. Let r(s) = -s**3 - 5*s**2 + 8*s + 3. Let u(v) = -k(v) - r(v). Give u(c).
11
Let n(f) = -f**3 - f**2 - 1. Let m(y) = -3*y**3 - 7*y**2 - 6*y. Let l(w) = -m(w) + 4*n(w). Let h = -22 - -29. Let j = -3 + h. What is l(j)?
4
Let p(v) = -5*v**2 - 79 + 224 - v**3 - 74 - 3*v - 68. Let w(d) = -d. Let i be w(3). Give p(i).
-6
Let m = -13 - -15. Suppose -m*k + 6*k = -2*i + 4, -3*i - 18 = -2*k. Let x be 10/(-4) - k/2. Let o(y) = y + 1. Calculate o(x).
-3
Let n(i) = -i. Let d = 9 + 13. Let l = d - 28. Let y be n(l). Let x(o) = o**2 - 4*o - 3. Give x(y).
9
Let x(t) be the third derivative of -t**7/420 + t**5/60 - t**4/12 - 11*t**3/3 + 20*t**2. Let v(m) be the first derivative of x(m). Calculate v(2).
-14
Let r(u) be the third derivative of 5*u**4/12 - u**3/6 - u**2. Let z = 11196 - 11197. Determine r(z).
-11
Let l(w) be the first derivative of 0*w - 1/3*w**3 - 17 - 7/2*w**2. Suppose -4*n - 25 = 3. Calculate l(n).
0
Let p(c) = -13*c + 2. Let w be p(-2). Let u be 91/w - 3/(-4). Suppose u*b - 2 = 6. Let g(s) = s**3 - 3*s**2 - 3*s + 3. What is g(b)?
-7
Let n(j) = j**3 - 19 - 5*j - 4*j**2 + 12 + 0*j**3.